ulate the highest common factor of k and 168.
21
Let o be (-78)/(-9) - ((-4)/(-3))/(-4). What is the greatest common factor of o and 144?
9
Let t(z) = -z**3 - 5*z**2 + 7*z + 22. Let l be t(-6). Suppose -3*n + 2*y + 3 + 17 = 0, -3*n + 4*y + l = 0. What is the highest common divisor of n and 12?
4
Let v(g) = 4*g + 21. Let l(s) = 3*s + 21. Let t(c) = 3*l(c) - 2*v(c). Let o be t(0). Calculate the greatest common factor of o and 28.
7
Let b = -15 - -28. Let c(v) = v + 2. Let d be c(-4). Let t be (13 - 0)/(d/(-2)). Calculate the greatest common factor of b and t.
13
Let z(h) be the first derivative of h**3/3 + 7*h**2/2 - 2*h - 2. Let c be z(-9). Let g = -102 - -214. What is the greatest common factor of c and g?
16
Let q be 363/(-21) - (-2)/7. Let z(b) = -b + 93. Let a be z(-16). Let n = a - q. Calculate the greatest common factor of n and 14.
14
Let o be (-1)/3 - (1006/(-3) + -5). Let n = o + -153. Calculate the greatest common factor of n and 17.
17
Let l be 500/60*12/10. Calculate the highest common factor of l and 70.
10
Suppose 5*b - 2668 = -4*u, -b + 538 = 3*u - 0*u. What is the highest common factor of b and 28?
28
Let y be 1/((-15)/(-7) + -2). Let h(m) = -m**3 + 6*m**2 + 73*m + 30. Let b be h(12). Calculate the highest common divisor of y and b.
7
Suppose -13*h + 18*h + 5*p = 910, 15 = -3*p. What is the highest common divisor of h and 51?
17
Suppose -2*u - 3*z + 329 = -43, 748 = 4*u + 5*z. What is the greatest common divisor of 12 and u?
12
Let i = 18 + -10. Suppose 3*d - i*d + 60 = 0. Let x = 22 - -2. What is the greatest common factor of x and d?
12
Let l be 404 - (1 - 12/3). Let t = l - 167. Suppose -2*z = -0*z - t. What is the greatest common divisor of 24 and z?
24
Let i = 147 - 114. Suppose 0 = 4*x + r - i, 30 = 4*x + 11*r - 9*r. What is the highest common factor of x and 6?
3
Let t(h) = h**3 + 6*h**2 + 8*h + 13. Let z be t(-4). Calculate the highest common divisor of 52 and z.
13
Suppose -1370 + 6730 = 10*o. What is the greatest common divisor of 8 and o?
8
Let j = 5 - 4. Let b(d) = -d**3 - 7*d**2 - 3*d + 18. Let g be b(-6). Let r be ((3 - g) + -4)*1*-3. Calculate the highest common divisor of r and j.
1
Let b(o) = o + 4. Let k be b(-7). Let g be 11 - (1 + (-6)/k). Let m(d) = d**2 - d + 4. Let t be m(-4). Calculate the greatest common divisor of t and g.
8
Let a = -43 + 61. Calculate the highest common divisor of 4 and a.
2
Let k(c) = 2*c**3 + 14*c**2 - 57*c + 8. Let g be k(4). What is the greatest common divisor of g and 60?
12
Let u(b) = b**3 - 4*b**2 + 3*b + 2. Let l be u(3). Let j be (9 + -3)/(l/6). Let f = j - 9. What is the greatest common factor of 6 and f?
3
Suppose 50 = 5*p + 5*i, 5*p - 4*i - 4 - 28 = 0. Calculate the highest common divisor of p and 456.
8
Suppose 10*z - 7*z = 42. Suppose -2*w + 21 = 2*x - 13, 5*x = -3*w + 81. Suppose 14*o - x*o + z = 0. Calculate the highest common factor of 56 and o.
14
Let z = -613 + 1123. Calculate the greatest common factor of 30 and z.
30
Let n = 321 + -209. Calculate the greatest common factor of n and 14.
14
Suppose 0 = -w - 1 + 5. Suppose 3*v = 2*d + 8, -15 + w = -4*v + 3*d. Let m be 4/(-10)*(-60)/v. What is the highest common divisor of 18 and m?
6
Let p be 8/(-28) + (-219)/(-7). Suppose 4*k = -v + 155, 2*v - 927 + 617 = -2*k. Calculate the highest common factor of p and v.
31
Let k be (96/(-9))/((-1)/18). Calculate the highest common factor of 704 and k.
64
Let r(y) = -4*y**2 + y + 36. Let v be r(0). Suppose 59*h = 57*h + v. Calculate the highest common factor of h and 180.
18
Let f = -540 - -1099. What is the highest common factor of 129 and f?
43
Let z = -754 + 1434. What is the highest common factor of z and 10?
10
Let w(d) = 17*d - 213. Let a be w(14). What is the highest common factor of a and 20?
5
Let z(i) = -i**3 - 2*i**2 - 5. Let r = -22 + 18. Let t be z(r). What is the greatest common factor of t and 36?
9
Suppose 0 = -b - b + 4. Let o(w) = -3*w - 9. Let s be o(-3). Suppose 13*z - 451 + 165 = s. Calculate the greatest common divisor of b and z.
2
Let j(u) = -28*u + 1. Let t be j(-1). Let w = -15 + t. Suppose 3*y + 13 = -2, 5*b - 155 = -4*y. What is the greatest common divisor of b and w?
7
Let d(z) = -4*z + 5*z**2 + z - 9 - 6*z**2 + 16*z. Let f be d(13). Let v be (4 - 5)/3*f. Calculate the greatest common divisor of 24 and v.
3
Suppose -74 = -10*u + 226. What is the highest common divisor of 6 and u?
6
Let i(s) = -s**2 + 8*s + 1. Let c be i(8). Let o be (1/c)/((-1)/(-96)). Let v = 7 + 9. Calculate the highest common factor of v and o.
16
Let b = 8 + -3. Let r(y) = y**3 - 6*y**2 + 7*y - 6. Let j be r(b). Let z be 3/j + 228/16. What is the highest common divisor of 15 and z?
15
Suppose 0 = -15*j + 84 - 24. What is the greatest common divisor of j and 118?
2
Let z(p) = -p**2 + 18*p - 12. Let r be z(17). Suppose 26 = r*b + 1. Suppose 391 = b*l + 106. What is the highest common factor of 38 and l?
19
Let i(v) = v**3 + 16*v**2 - v - 12. Let n be i(-16). Suppose 0 = 3*h + 4*s + s - 118, 0 = -2*s + n. Calculate the highest common divisor of 54 and h.
18
Suppose 0 = -h - 4*z - 0*z + 31, -3*h + 4*z = -29. Let j = h - 5. What is the highest common factor of j and 5?
5
Suppose 476 = 9*n + 19*n. What is the greatest common divisor of 51 and n?
17
Let f be ((-4)/(-6))/(1/3). Suppose -84 = -4*p + f*p. What is the greatest common factor of 378 and p?
42
Let b = -2604 + 2620. Calculate the highest common divisor of b and 4.
4
Suppose -d = -6 + 14. Let h = 16 + d. Let y = -84 - -148. What is the greatest common divisor of y and h?
8
Let z be (-36)/24 + (-155)/(-2). Suppose -3*s + 4*f = 176, -4*s - z = f + 165. Let i = s - -90. Calculate the greatest common factor of 120 and i.
30
Suppose 288 = -6*u + 10*u. Suppose -5*d - 3*c + 26 = 0, -15 = 2*c + 3*c. Suppose -34 = -d*h + 29. Calculate the greatest common divisor of h and u.
9
Suppose 2*a - 58 = 62. Suppose 63*p - 330 = a*p. Let q = 44 - 22. Calculate the greatest common divisor of q and p.
22
Let q(o) = -2*o + 2. Let b be q(-1). Suppose -b = -a - 1. Let r be 204/a*(-1)/(-4). Calculate the greatest common factor of r and 136.
17
Let o be ((-2)/(-3))/((-4)/(-48)). Suppose o = f + f. Suppose y - 40 = -f*m + 7, 0 = 5*m - 2*y - 49. Calculate the greatest common factor of 22 and m.
11
Suppose -5*x + 9 = -41. Calculate the highest common divisor of x and 2.
2
Suppose r + 3*g = -0*g - 1836, 5544 = -3*r + 3*g. Let k be -3 + r/(-5) + (-6)/(-3). Calculate the highest common divisor of k and 46.
46
Let p(r) = -3*r + 23. Let a be p(-11). Let g be (5/(-4) - -1) + 462/a. Suppose -24 = 2*o - 4*o. What is the greatest common factor of o and g?
4
Suppose 75*u = 12*u + 252. What is the highest common factor of u and 218?
2
Suppose -5*n - 4*c + 202 = 0, -3*n + 109 + 17 = 4*c. Let k(t) = t**3 + 4*t**2 + 76. Let v be k(0). What is the greatest common factor of n and v?
38
Suppose 5*t - 14 = -4*u, -4*t = -3*u - 6 + 1. Let n be u/2*72/4. Calculate the highest common factor of n and 3.
3
Let g be (5 + 5)/((-87)/(-81) - 1). Calculate the highest common factor of 5 and g.
5
Let z(f) = f**3 - 3*f**2 - 24*f - 1. Let u be z(7). Let v be 2/(-6)*(-8 + -1). What is the highest common divisor of v and u?
3
Let h(s) = 82*s**2 - 4*s - 3. Let t be h(-2). What is the greatest common divisor of 37 and t?
37
Let g = -15 + 27. Suppose 4*u + 101 - 113 = 0. Calculate the greatest common factor of g and u.
3
Let q(b) = b**2 + 31*b - 491. Let c be q(-44). Calculate the highest common divisor of c and 2349.
81
Suppose 0 = 2*v + 3*i - 161, -2*v + 0*i + 171 = i. Let y = -197 + 205. What is the greatest common divisor of v and y?
8
Let p be -1 + 3 + (2 - 2). Suppose -4*s = 16, s + 60 = 4*z + 4*s. What is the highest common factor of p and z?
2
Let r be 1526/154 - (-2)/22. Let c(q) = 6*q**2 - 2*q + 1. Let o be c(1). What is the highest common factor of r and o?
5
Suppose 11*a - 14*a + c + 234 = 0, 0 = -2*a + 2*c + 156. Suppose 0 = t - 19 - 98. What is the highest common divisor of a and t?
39
Let f be ((-10)/(-4))/(20/72). What is the greatest common divisor of f and 9?
9
Suppose 0 = 4*w - 155 - 269. Calculate the greatest common factor of w and 53.
53
Suppose 3 = -b + 2, 0 = 5*o - 2*b - 22. Let h be 410/30 - o/6. Let x(k) = 3*k**2 + 13*k + 4. Let f be x(-9). What is the greatest co